
What is the highest common factor of 1596 and 42?
42
Calculate the highest common divisor of 748 and 154.
22
Calculate the highest common factor of 69 and 12.
3
What is the highest common factor of 352 and 363?
11
What is the greatest common divisor of 308 and 594?
22
Calculate the highest common factor of 30 and 195.
15
What is the highest common divisor of 135 and 75?
15
Calculate the highest common divisor of 1972 and 68.
68
What is the greatest common factor of 9 and 480?
3
What is the greatest common factor of 120 and 20000?
40
Calculate the highest common factor of 12 and 276.
12
Calculate the highest common divisor of 51 and 136.
17
What is the highest common divisor of 182 and 56?
14
Calculate the highest common factor of 54 and 54.
54
What is the highest common factor of 1120 and 35?
35
Calculate the greatest common factor of 560 and 35.
35
Calculate the highest common factor of 140 and 1316.
28
What is the greatest common factor of 15 and 55?
5
What is the greatest common factor of 43 and 18877?
43
Calculate the greatest common divisor of 301 and 86.
43
What is the greatest common factor of 37 and 185?
37
What is the highest common factor of 876 and 24?
12
Calculate the highest common divisor of 243 and 567.
81
Calculate the greatest common divisor of 40 and 1032.
8
Calculate the greatest common divisor of 2831 and 608.
19
Calculate the highest common divisor of 252 and 70.
14
Calculate the highest common factor of 56 and 15736.
56
Calculate the greatest common divisor of 646 and 2926.
38
Calculate the highest common divisor of 430 and 230.
10
What is the greatest common factor of 335 and 134?
67
What is the greatest common divisor of 18 and 8487?
9
What is the greatest common factor of 129 and 43?
43
Calculate the highest common factor of 518 and 56.
14
Calculate the highest common factor of 55 and 473.
11
Calculate the greatest common factor of 1406 and 407.
37
Calculate the greatest common factor of 632 and 8.
8
Calculate the greatest common factor of 165 and 525.
15
Calculate the highest common divisor of 65 and 338.
13
Calculate the highest common factor of 372 and 31.
31
Calculate the greatest common divisor of 60 and 315.
15
What is the highest common divisor of 87 and 145?
29
Calculate the highest common factor of 910 and 560.
70
Calculate the highest common factor of 3 and 17.
1
What is the highest common divisor of 110 and 270?
10
What is the highest common divisor of 473 and 11?
11
What is the highest common divisor of 36 and 10?
2
Calculate the greatest common factor of 4340 and 980.
140
Calculate the highest common divisor of 810 and 10.
10
What is the greatest common factor of 72 and 15864?
24
Calculate the greatest common factor of 24 and 18.
6
What is the highest common factor of 11844 and 189?
63
What is the highest common factor of 296 and 68968?
296
What is the greatest common factor of 22 and 8426?
22
Calculate the highest common divisor of 4400 and 1000.
200
Calculate the greatest common factor of 12 and 2364.
12
Calculate the highest common factor of 1144 and 13.
13
Calculate the highest common factor of 63 and 112.
7
What is the greatest common divisor of 8 and 558?
2
What is the greatest common factor of 855 and 1665?
45
What is the highest common factor of 20 and 70?
10
Calculate the highest common factor of 90 and 250.
10
What is the greatest common factor of 749 and 7?
7
Calculate the highest common factor of 169 and 65.
13
What is the greatest common divisor of 858 and 312?
78
What is the greatest common factor of 225 and 54?
9
What is the highest common divisor of 266 and 7049?
133
What is the greatest common divisor of 18 and 43182?
18
Calculate the highest common factor of 12188 and 88.
44
What is the highest common divisor of 1260 and 580?
20
Calculate the highest common factor of 9750 and 468.
78
Calculate the greatest common factor of 18 and 1074.
6
Calculate the greatest common factor of 31 and 53351.
31
Calculate the greatest common factor of 27 and 39.
3
Calculate the greatest common factor of 72 and 117.
9
Calculate the greatest common factor of 7672 and 1370.
274
Calculate the highest common factor of 42 and 9.
3
Calculate the highest common factor of 378 and 14.
14
What is the greatest common factor of 20 and 260?
20
Calculate the highest common divisor of 196 and 224.
28
What is the greatest common factor of 6832 and 560?
112
What is the greatest common divisor of 96 and 864?
96
Calculate the greatest common divisor of 25 and 10.
5
Calculate the highest common divisor of 714 and 12036.
102
What is the greatest common factor of 24 and 632?
8
Calculate the greatest common divisor of 48 and 4656.
48
What is the greatest common factor of 144 and 80?
16
What is the highest common divisor of 980 and 30?
10
Calculate the highest common divisor of 145 and 15.
5
Calculate the greatest common factor of 1309 and 22.
11
What is the greatest common factor of 344 and 301?
43
What is the greatest common factor of 836 and 66?
22
What is the greatest common divisor of 52 and 572?
52
What is the highest common divisor of 12 and 3328?
4
What is the greatest common factor of 511 and 949?
73
Calculate the highest common divisor of 250 and 50.
50
What is the highest common factor of 598 and 208?
26
Calculate the greatest common factor of 7 and 119.
7
Calculate the highest common factor of 15 and 87.
3
Calculate the highest common divisor of 3042 and 286.
26
Calculate the greatest common divisor of 330 and 4972.
22
Calculate the greatest common factor of 2316 and 24.
12
Calculate the highest common divisor of 49 and 49.
49
Calculate the greatest common divisor of 32 and 32.
32
Calculate the greatest common factor of 259 and 119.
7
What is the greatest common factor of 31 and 5363?
31
Calculate the highest common factor of 17 and 799.
17
Calculate the highest common factor of 718 and 2.
2
Calculate the highest common divisor of 8 and 21704.
8
What is the highest common factor of 10212 and 1110?
222
What is the greatest common divisor of 14 and 350?
14
What is the greatest common factor of 36 and 384?
12
What is the greatest common divisor of 32 and 6656?
32
What is the highest common divisor of 10 and 185?
5
What is the highest common divisor of 6768 and 1728?
144
Calculate the highest common factor of 6400 and 120.
40
Calculate the greatest common factor of 1593 and 63.
9
What is the highest common factor of 171 and 144?
9
What is the highest common factor of 67 and 201?
67
Calculate the greatest common factor of 369 and 63.
9
Calculate the highest common divisor of 2052 and 38.
38
Calculate the highest common factor of 1517 and 555.
37
Calculate the highest common divisor of 3091 and 11.
11
Calculate the highest common factor of 171 and 36.
9
Calculate the greatest common factor of 16 and 86.
2
Calculate the highest common factor of 494 and 26.
26
Calculate the highest common factor of 44 and 2134.
22
What is the highest common factor of 9129 and 357?
51
Calculate the greatest common divisor of 5 and 95.
5
What is the highest common factor of 88 and 1496?
88
What is the highest common factor of 31 and 93?
31
What is the greatest common factor of 273 and 924?
21
What is the highest common factor of 10816 and 64?
64
Calculate the greatest common divisor of 9 and 72.
9
Calculate the highest common divisor of 151 and 12533.
151
Calculate the greatest common factor of 108 and 22.
2
Calculate the greatest common factor of 1460 and 140.
20
Calculate the greatest common divisor of 15 and 27.
3
Calculate the highest common divisor of 22 and 3058.
22
Calculate the highest common divisor of 70 and 51730.
70
Calculate the greatest common divisor of 12 and 12.
12
Calculate the highest common factor of 1017 and 27.
9
Calculate the greatest common divisor of 21 and 287.
7
What is the greatest common divisor of 147 and 105?
21
Calculate the greatest common factor of 652 and 8.
4
Calculate the highest common divisor of 9 and 24.
3
Calculate the greatest common factor of 2 and 19.
1
Calculate the greatest common factor of 104 and 12038.
26
Calculate the greatest common divisor of 21 and 9.
3
What is the highest common divisor of 4291 and 21?
7
Calculate the highest common factor of 180 and 40.
20
Calculate the greatest common 